 357.
254
Calculate the remainder when 4418 is divided by 170.
168
What is the remainder when 239 is divided by 10?
9
What is the remainder when 1237 is divided by 138?
133
Calculate the remainder when 1434 is divided by 24.
18
What is the remainder when 1450 is divided by 297?
262
Calculate the remainder when 1467 is divided by 41.
32
Calculate the remainder when 90 is divided by 78.
12
What is the remainder when 139 is divided by 9?
4
What is the remainder when 164 is divided by 68?
28
Calculate the remainder when 76 is divided by 17.
8
Calculate the remainder when 203 is divided by 107.
96
What is the remainder when 1116 is divided by 8?
4
What is the remainder when 26586 is divided by 17?
15
What is the remainder when 178 is divided by 49?
31
Calculate the remainder when 8813 is divided by 4403.
7
Calculate the remainder when 172 is divided by 20.
12
What is the remainder when 624 is divided by 125?
124
Calculate the remainder when 6839 is divided by 114.
113
Calculate the remainder when 51 is divided by 36.
15
What is the remainder when 220 is divided by 78?
64
Calculate the remainder when 156 is divided by 59.
38
What is the remainder when 190 is divided by 101?
89
What is the remainder when 5096 is divided by 30?
26
Calculate the remainder when 137 is divided by 115.
22
Calculate the remainder when 646 is divided by 65.
61
What is the remainder when 10 is divided by 9?
1
What is the remainder when 79 is divided by 34?
11
Calculate the remainder when 65 is divided by 12.
5
What is the remainder when 2498 is divided by 46?
14
Calculate the remainder when 121 is divided by 28.
9
What is the remainder when 757 is divided by 110?
97
Calculate the remainder when 91 is divided by 20.
11
What is the remainder when 834 is divided by 86?
60
Calculate the remainder when 1755 is divided by 877.
1
Calculate the remainder when 44 is divided by 14.
2
What is the remainder when 294 is divided by 8?
6
What is the remainder when 2472 is divided by 33?
30
What is the remainder when 692 is divided by 40?
12
What is the remainder when 2771 is divided by 59?
57
Calculate the remainder when 113 is divided by 68.
45
Calculate the remainder when 277 is divided by 21.
4
What is the remainder when 3217 is divided by 27?
4
What is the remainder when 348 is divided by 22?
18
Calculate the remainder when 3138 is divided by 157.
155
Calculate the remainder when 78 is divided by 40.
38
Calculate the remainder when 173 is divided by 36.
29
What is the remainder when 383 is divided by 100?
83
What is the remainder when 66 is divided by 37?
29
What is the remainder when 629 is divided by 45?
44
What is the remainder when 17349 is divided by 25?
24
Calculate the remainder when 74 is divided by 5.
4
Calculate the remainder when 66 is divided by 31.
4
Calculate the remainder when 1203 is divided by 100.
3
Calculate the remainder when 151 is divided by 67.
17
Calculate the remainder when 9 is divided by 5.
4
Calculate the remainder when 367 is divided by 16.
15
What is the remainder when 62 is divided by 21?
20
Calculate the remainder when 3056 is divided by 51.
47
What is the remainder when 149 is divided by 53?
43
Calculate the remainder when 87 is divided by 30.
27
What is the remainder when 319 is divided by 20?
19
Calculate the remainder when 3332 is divided by 13.
4
Calculate the remainder when 361 is divided by 28.
25
Calculate the remainder when 3736 is divided by 620.
16
Calculate the remainder when 302 is divided by 19.
17
What is the remainder when 2323 is divided by 83?
82
What is the remainder when 399 is divided by 389?
10
Calculate the remainder when 658 is divided by 22.
20
What is the remainder when 168 is divided by 96?
72
Calculate the remainder when 780 is divided by 255.
15
What is the remainder when 1024 is divided by 27?
25
What is the remainder when 1326 is divided by 48?
30
What is the remainder when 115 is divided by 67?
48
What is the remainder when 22701 is divided by 258?
255
Calculate the remainder when 970 is divided by 241.
6
Calculate the remainder when 256 is divided by 20.
16
Calculate the remainder when 6296 is divided by 75.
71
Calculate the remainder when 472 is divided by 96.
88
What is the remainder when 175 is divided by 5?
0
Calculate the remainder when 54 is divided by 42.
12
What is the remainder when 391 is divided by 51?
34
What is the remainder when 4691 is divided by 102?
101
Calculate the remainder when 4460 is divided by 741.
14
Calculate the remainder when 186 is divided by 35.
11
Calculate the remainder when 189 is divided by 43.
17
What is the remainder when 1310 is divided by 130?
10
What is the remainder when 950 is divided by 432?
86
What is the remainder when 238 is divided by 6?
4
Calculate the remainder when 1630 is divided by 7.
6
What is the remainder when 38 is divided by 23?
15
What is the remainder when 3354 is divided by 478?
8
Calculate the remainder when 10802 is divided by 146.
144
Calculate the remainder when 712 is divided by 90.
82
What is the remainder when 65 is divided by 31?
3
Calculate the remainder when 760 is divided by 30.
10
What is the remainder when 368 is divided by 84?
32
What is the remainder when 1038 is divided by 65?
63
Calculate the remainder when 18074 is divided by 138.
134
Calculate the remainder when 234 is divided by 229.
5
What is the remainder when 638 is divided by 209?
11
Calculate the remainder when 941 is divided by 37.
16
What is the remainder when 142 is divided by 32?
14
What is the remainder when 7398 is divided by 20?
18
Calculate the remainder when 907 is divided by 233.
208
Calculate the remainder when 392 is divided by 22.
18
Calculate the remainder when 292 is divided by 77.
61
What is the remainder when 216 is divided by 48?
24
Calculate the remainder when 2704 is divided by 69.
13
What is the remainder when 169 is divided by 29?
24
Calculate the remainder when 396 is divided by 96.
12
Calculate the remainder when 213 is divided by 27.
24
What is the remainder when 197 is divided by 20?
17
Calculate the remainder when 1088 is divided by 19.
5
Calculate the remainder when 12589 is divided by 268.
261
What is the remainder when 1132 is divided by 63?
61
What is the remainder when 141 is divided by 56?
29
What is the remainder when 255 is divided by 22?
13
What is the remainder when 243 is divided by 103?
37
Calculate the remainder when 4216 is divided by 37.
35
What is the remainder when 86 is divided by 20?
6
What is the remainder when 975 is divided by 196?
191
What is the remainder when 106 is divided by 14?
8
What is the remainder when 111 is divided by 8?
7
Calculate the remainder when 12414 is divided by 27.
21
Calculate the remainder when 1040 is divided by 1.
0
Calculate the remainder when 67 is divided by 39.
28
What is the remainder when 103 is divided by 7?
5
Calculate the remainder when 65 is divided by 23.
19
What is the remainder when 687 is divided by 86?
85
Calculate the remainder when 619 is divided by 202.
13
Calculate the remainder when 7840 is divided by 19.
12
What is the remainder when 9220 is divided by 159?
157
Calculate the remainder when 196 is divided by 20.
16
Calculate the remainder when 2881 is divided by 364.
333
What is the remainder when 506 is divided by 17?
13
What is the remainder when 980 is divided by 21?
14
What is the remainder when 2957 is divided by 69?
59
Calculate the remainder when 23 is divided by 9.
5
Calculate the remainder when 74 is divided by 69.
5
Calculate the remainder when 966 is divided by 11.
9
What is the remainder when 685 is divided by 15?
10
Calculate the remainder when 99 is divided by 10.
9
What is the remainder when 606 is divided by 106?
76
What is the remainder when 102 is divided by 86?
16
What is the remainder when 1182 is divided by 99?
93
What is the remainder when 1507 is divided by 700?
107
What is the remainder when 723 is divided by 181?
180
What is the remainder when 346 is divided by 306?
40
What is the remainder when 2362 is divided by 590?
2
Calculate the remainder when 77 is divided by 27.
23
What is the remainder when 48 is divided by 13?
9
What is the remainder when 2550 is divided by 849?
3
What is the remainder when 38 is divided by 11?
5
What is the remainder when 20849 is divided 